2 + 4 + 1 - 46*x**2 - 16*x**3. Let w be i(-3). What is the highest common divisor of 25 and w?
25
Suppose -892 + 4459 = 3*z. Suppose -98 + 3440 = 137*m - 631. What is the highest common divisor of z and m?
29
Let t be (-28 - -35)*(2 - (-27)/(-21)). Suppose 376 = t*p + 2*w - 140, -4*w + 522 = 5*p. Calculate the greatest common divisor of 6 and p.
6
Let x(h) be the first derivative of 2*h**3/3 + 15*h**2 - 42*h + 34. Let o be x(-17). What is the highest common factor of o and 91?
13
Let b = -997 + 2070. What is the highest common factor of b and 259?
37
Let t(a) = 2*a - 8. Let p be t(7). Let d = 3727 + -3715. What is the highest common factor of d and p?
6
Let u = 3 - -2. Let b(m) = 5*m - 21. Let g be b(u). Let v be g/(20/65)*1. What is the highest common divisor of v and 39?
13
Let m(x) = -16*x - 108. Let g be m(-7). Let c(z) = 3*z**3 + z**2 + 3*z - 3. Let r be c(g). Calculate the highest common factor of r and 14.
7
Let r(n) = -38*n - 1324. Let i be r(-35). Let x be 2 - -327 - (-1 - -2)*-1. Calculate the greatest common divisor of i and x.
6
Let k be (0 - 35/2)*-2. Let c(o) = -3*o**2 + 165*o + 5. Let t be c(55). What is the greatest common divisor of t and k?
5
Let o(s) = s**2 - 87*s - 1498. Let u be o(109). Calculate the greatest common factor of u and 288.
36
Let m = 1254 - 1197. What is the highest common divisor of 8 and m?
1
Let t be -47 + 38 - (2 - -620). Let w = -625 - t. What is the highest common factor of w and 162?
6
Suppose -b = 2 + 6. Let d be (4/b)/(1/(-26)). Suppose -4*c = 7*l - 2*l - 567, 5*l - 281 = -2*c. Calculate the highest common divisor of c and d.
13
Let z be (31 - -1) + 0 - 1. Let v(h) = -h**3 - 17*h**2 - 3*h - 43. Let n be v(-17). Suppose -n*b = -144 - 104. Calculate the highest common factor of z and b.
31
Let d be (-1)/(-5)*85 - 1*3. Let o be (-959)/d - 6/(-4). Let k = o + 78. Calculate the highest common factor of 22 and k.
11
Suppose -1284 = -5*b - 4*k, -231 = -b - 2*k + 33. Calculate the greatest common factor of b and 189.
63
Let a = 25583 + -25510. Calculate the highest common factor of a and 33.
1
Let h(w) = -w + 17. Let o(u) = -u**2 - 19*u + 33. Let r be o(-20). Let g be h(r). What is the greatest common divisor of g and 236?
4
Let g = -397 + 566. Let d(x) = 2*x**2 - 38*x + 146. Let s be d(15). What is the highest common divisor of g and s?
13
Suppose -895 = -6*j + 1781. Suppose -224 = -2*a - 2*s, -4*a - 6*s + 3*s + j = 0. What is the highest common divisor of 10 and a?
10
Suppose 9*q - 187 = -7. Suppose -4*b + 5*z + 72 = 7*z, q = -5*z. Calculate the greatest common factor of 28 and b.
4
Let m = -750 - -535. Let f = m - -218. Calculate the highest common factor of f and 24.
3
Suppose -3 = -2*s + 3. Let a(w) = 13*w - 1. Let d be a(s). Let m = 11439 + -11173. Calculate the highest common factor of d and m.
38
Suppose 8 = w + 2. Let y be w/(-8) + 12954/24. Let c = 179 + -130. What is the greatest common factor of c and y?
49
Suppose -5*u + 240 = -4*a, -20*a = -23*a. Suppose u*h - 40*h = 48. Calculate the highest common factor of 54 and h.
6
Let b = 975 - 527. Suppose -1308 = -4*n - b. Suppose 265*a = 4839 + 1499 + 16452. Calculate the greatest common divisor of a and n.
43
Let m(h) = 13*h**2 - 19*h - 9. Let q be m(5). Let p = q + -192. Calculate the highest common divisor of 232 and p.
29
Suppose 15270 = -170*p + 41280. Calculate the greatest common divisor of p and 765.
153
Suppose -35 = 301*q - 295*q - 131. What is the highest common divisor of q and 3888?
16
Let d be 19/(-76) + 4422/24. What is the highest common divisor of d and 874?
46
Let g be (-2)/7 + 52/(-14). Let s be 50*((-10)/g + -1). Let a(w) = 283*w - 3629. Let k be a(13). Calculate the greatest common factor of k and s.
25
Let r = 3590 + -10025. Let h be (2/(-6))/(39/r). What is the highest common factor of 77 and h?
11
Let o(q) = 24*q + 124. Let t be o(-24). Let p = -277 - t. What is the highest common factor of 125 and p?
25
Let d be (7/21)/((-3268)/(-816) - 4). Calculate the highest common factor of 92 and d.
4
Suppose 0 = -2*m, 3*v + 2*m - 12 = -0*m. Suppose 2*a - 3*a = 4*h - 98, 3*a - 374 = v*h. Let x = a - 83. What is the greatest common divisor of 105 and x?
35
Let v = 6300 + -4356. What is the greatest common divisor of 81 and v?
81
Let u be 8/2 + 7/((-56)/1808). Let m = 442 + u. What is the greatest common divisor of 55 and m?
55
Suppose 25*r - 5030 - 3720 = 0. Let p = -134 + r. Calculate the greatest common factor of 24 and p.
24
Let j(a) = 18*a - 8. Suppose -6*m + 5*m - 21 = 0. Let v = 29 + m. Let x be j(v). What is the greatest common divisor of x and 34?
34
Let u = -112 + 80. Let z = u + 85. Let m = z - 38. What is the greatest common divisor of m and 135?
15
Let h = 2059 - -2554. Let j = -3238 + h. What is the greatest common factor of j and 55?
55
Suppose 13 = 4*z + j, z + 3*j = -j + 22. Suppose -34 = 2*a - 4*r, -z*a = 2*r + 9 + 31. Let o = 91 + a. Calculate the highest common divisor of o and 54.
18
Suppose -59*i + 51*i + 7200 = 0. Calculate the highest common divisor of i and 100.
100
Let v(f) = 119*f - 15. Let d be v(1). Let t = d - 65. Calculate the greatest common factor of 26 and t.
13
Suppose 2268*y - 860 = 2258*y. Calculate the greatest common factor of y and 1376.
86
Let q be (529/(-575)*-5)/(1/5). What is the greatest common factor of 21758 and q?
23
Let k = 479 - 479. Let g be ((-2)/(-2))/(1/13). Suppose k = g*o - 85 - 149. What is the highest common divisor of 2 and o?
2
Let c be 111 - (-3)/(24/(-32)). Suppose 0 = 5*h - 5*y - 230, -9*y + c = 2*h - 6*y. Calculate the highest common divisor of 28 and h.
7
Let d be 4 - 8/2 - (1 - 318). Suppose 4*l - 1241 = 3*w, l - 17*w + 14*w - d = 0. What is the greatest common factor of 28 and l?
28
Suppose -2*w + 344 - 194 = 4*a, -4*w + 312 = 4*a. Calculate the greatest common factor of w and 180.
9
Let r(c) = 2*c - 12 + 8 + 12 + 3. Let i(m) = -m**3 + 11*m**2 + 10*m + 22. Let s be i(12). Let l be r(s). What is the highest common divisor of 1 and l?
1
Let v(g) = -4*g**3 + 7*g + 15. Let l be v(-2). Let r = 940 + -379. Calculate the highest common factor of l and r.
33
Let r be (-4)/4 - 1 - -298. Let h(q) = -37*q - 2270. Let c be h(-62). Calculate the highest common factor of r and c.
8
Suppose 11*u - 21*u + 3840 = 6*u. Calculate the greatest common divisor of 1248 and u.
48
Let a(n) = -3*n**2 - 161*n - 248. Let r be a(-52). Calculate the greatest common divisor of 8616 and r.
12
Suppose 4*w + 16 = 4*c - 3*c, 3*w + 5 = -c. Let s be (-2 - w)*18/1. Let r = -48 + 102. Calculate the greatest common factor of r and s.
18
Let b be 147 + (2*3 - (-5 - -3)). What is the greatest common divisor of b and 465?
155
Let s be (4 + 12)*1/(-1 - -2). Suppose -24*b - 18 = -25*b - 4*y, 4*y - 24 = -4*b. Calculate the greatest common divisor of s and b.
2
Suppose 7*s = 48*s - 13366. Let t = 342 - s. Calculate the highest common factor of 112 and t.
16
Let b(u) = -3*u**3 - 130*u**2 - 48*u - 143. Let o be b(-43). Calculate the highest common divisor of o and 5706.
18
Let t be 1144/(-364) + 1220/14. Suppose j = -4*s + 361 + 71, 4*s - 432 = -4*j. What is the greatest common divisor of s and t?
12
Suppose -3778*w + 3735*w + 33540 = 0. What is the highest common divisor of w and 169?
13
Let y = -116 + 138. Let k = -244 - -148. Let x = -74 - k. Calculate the greatest common divisor of x and y.
22
Suppose -7*p = 7*p - 17*p + 13836. Calculate the greatest common divisor of 8 and p.
4
Let h be ((-1928)/1)/((-2)/3). Suppose -546 = 6*t - h. Let f = t - 256. What is the highest common divisor of 15 and f?
15
Let w = -196 - -127. Let k = -17 + 89. Let n be ((-23)/w)/(2/k). Calculate the highest common divisor of n and 3.
3
Suppose 805 = 6*b - b + 3*f, 4*b - 4*f = 676. Let p = 2 - 2. Suppose 5*l + s - b = 114, p = -2*l - 2*s + 108. Calculate the highest common divisor of l and 14.
14
Let h = 16042 + -10813. Calculate the highest common factor of 63 and h.
63
Let y = -8080 + 8339. What is the greatest common divisor of y and 35?
7
Suppose -3*z = -3*m, 1 = z - 2*m + 2. Let a be (26 - 22)/(z/72). Suppose -v + a = 2*v. What is the highest common factor of 24 and v?
24
Let t(u) = -5*u**2 + 4*u**2 + 3*u - u - 5 - u. Let j be t(0). Let h be (-704)/(-14) - j/((-35)/2). What is the greatest common factor of h and 125?
25
Let a be 13